posite number?
True
Let m be (-106)/(-22) - (-8)/44. Suppose -3*w - x = 3*x + 2, 0 = -m*w - 4*x + 10. Let i(l) = -l**2 + 12*l - 5. Is i(w) a prime number?
True
Let i = 1 - 0. Let g = i - 1. Suppose -9 - 7 = -3*c + 5*y, 2*c - 2*y - 12 = g. Is c a prime number?
True
Let i be 1/((-626)/314 - -2). Is i/2 - 9/6 composite?
True
Let g = 11 - 8. Let y be 11/g + (-2)/3. Suppose 0 = y*l - 111 + 18. Is l a composite number?
False
Let s(n) = 21*n**2 + 1. Let w be 1/(-3) - (-10)/(-15). Let v(o) = -o. Let r be v(w). Is s(r) prime?
False
Suppose -2*l + 231 + 67 = 0. Is l prime?
True
Suppose 4*m + 3188 = -0*d - 2*d, d = -3*m - 1596. Is (d/40)/(2/(-8)) a composite number?
True
Let b(p) = 54*p**2 - 3*p - 5. Suppose n + 3 = 1. Is b(n) a composite number?
True
Let z = 2 - -5. Suppose 0 = -4*o + z*o. Is (-1)/((o - 1)/51) a prime number?
False
Let s be (-3 - -4)*(-6)/2. Let b be (-109)/(-5) + s/(-15). Is b/(-6)*-3 + 3 prime?
False
Suppose 24 = 3*o - 0. Let f(k) = 2*k**2 + 7*k - 5. Let d be f(-6). Suppose -d = -j + o. Is j composite?
True
Let j(w) = -w**3 + 7*w**2 - 6*w + 2. Let v be j(6). Let d be (-2)/2 + -105 + v. Is d/(-5) + 1/5 a prime number?
False
Suppose 1 = -3*h - 11. Let q = h - -6. Suppose -4*r = q*c - 190, 4*c + 3*r + 40 - 425 = 0. Is c a prime number?
True
Suppose 1 = 3*l - 5. Suppose -3*z + 329 = 2*b + l*b, 3*b + 4*z = 245. Is b a composite number?
False
Let z = -4227 + 6638. Is z composite?
False
Let z = -8 - -3553. Is z a prime number?
False
Suppose -l - 4*l + 10 = 0. Suppose 3*t - 293 = 5*r, -r = l*t - 4*t + 186. Is t composite?
True
Suppose 4*j - 2*j - 8 = 0. Suppose h - j*h + 117 = 0. Is h prime?
False
Let i be (20/(-25))/((-2)/15). Suppose 0 = i*v - 3*v. Is 628/16*(v - -4) a prime number?
True
Suppose 0 = 5*s - 3*s + 40. Let j be 50/(-4)*12/(-5). Let p = s + j. Is p composite?
True
Suppose -3*r + 184 = -107. Suppose 2*m - b - r = 0, 3*m = -4*b + 87 + 86. Is m prime?
False
Is (-54719)/14*(-4 - -3)*2 prime?
True
Suppose 2*o + 78 = y - 0*y, -5*o + 201 = 2*y. Let v = y + -272. Let d = v - -311. Is d prime?
True
Suppose 0 = -2*d - 2 + 4. Let s be 42/(-12)*(d - 3). Is 23*(s + -2) - 2 prime?
True
Let x be ((-2)/(-6))/((-5)/(-45)). Suppose 0 = 5*l - 4*c - 30, 4*l + 9 = -4*c - x. Is l - 2 - 2 - -12 prime?
False
Let w(v) = -v**2 - 11*v - 1. Let s(n) be the first derivative of -n**3/3 + 5*n**2/2 + 6*n - 2. Let z be s(7). Is w(z) a composite number?
False
Let a(u) = 2*u**3 - 11*u**2 + 7*u + 15. Let s(b) = b**2 - 5*b - 7. Let n be s(7). Is a(n) prime?
True
Let y be ((-6)/3 - -2)*1. Suppose i + 4*i - 25 = y. Suppose 4*z = i*r - 26 - 24, -4*r - 5*z + 81 = 0. Is r a prime number?
False
Suppose 4 + 7 = f - 3*c, -f + 4*c = -9. Let p be (f/2)/(1/18). Is (p/(-18))/((-1)/6) a prime number?
False
Suppose -3*u = -0*u + 5*b + 23, 3*u + b = -7. Is 0 - 23*u/1 prime?
True
Suppose -o - 3*o = -1068. Is o prime?
False
Suppose i - 527 = -r, -7*r + 2102 = -3*r - 2*i. Is r a prime number?
False
Suppose 5*r = 937 - 57. Let j = -15 + r. Is j prime?
False
Suppose -10 = -4*w + 4*u + 6, 3*w - 2*u - 8 = 0. Suppose w*z - 5*z = 5*c - 750, 4*c = z - 175. Is z composite?
True
Is (1784/12)/(4/6) composite?
False
Suppose 4*w + 5 = 5*w. Suppose -w*f = -73 - 12. Let n = f - 6. Is n a composite number?
False
Is 5/(1*(-2)/(-58)) a prime number?
False
Suppose -3*p = 4*n - 26, -5*n + 25 + 0 = 0. Let a be p*((-98)/(-4) + 2). Let i = 90 - a. Is i composite?
False
Is 36/234 - (-5170)/26 composite?
False
Suppose 169*b = 164*b + 15815. Is b composite?
False
Suppose -4*b + 0*h = -2*h - 52, -59 = -5*b + 4*h. Suppose -2*o = 3*o - b. Suppose -o*r = 2*k - 53, 4*k = 11 - 31. Is r composite?
True
Suppose -5*y - 107 = -4*m + 3*m, 4*y + 365 = 3*m. Is m composite?
False
Let l = 21 - 8. Suppose 0 = 3*u - 6, 5*u - l = -s + 50. Is s composite?
False
Suppose -5*d = 5, -3*m - 2*d + 4 = -3*d. Let g be m/6 - 406/(-12). Suppose g = 3*t - 44. Is t prime?
False
Suppose 4*w - 2*w = -5*t, -2*w - 16 = -3*t. Suppose -2*m + 352 = 2*q, 3*m + 3*q - 534 = t*q. Is m a prime number?
True
Let n = -3 - -2. Let y be ((-88)/10)/(n/5). Suppose -w + 171 = y. Is w a composite number?
False
Let f(h) be the first derivative of -62*h**2 - h - 2. Let u(y) = -y**3 - 4*y**2 - 4*y - 4. Let c be u(-3). Is f(c) prime?
False
Suppose -2*l - l = 0. Suppose i - 295 = 2*a + 2, 5*i + 3*a - 1446 = l. Is i a composite number?
True
Let p(i) = 40*i - 11. Is p(13) a prime number?
True
Is 2355/5 - (-4)/(-2) composite?
True
Let j = 26 - 42. Let a = j + 269. Is a prime?
False
Suppose -3*t = -2*t + 7. Let k = t - -3. Let v = k + 11. Is v prime?
True
Let q(s) = s**2 + 2*s + 18. Is q(11) a composite number?
True
Let m(i) = -14*i - 4. Let z be m(-6). Suppose 4*s = -3*g + 5*s + 40, -5*s - z = -5*g. Suppose w - 3*w = -g. Is w prime?
False
Let t be 0 - -3 - (0 + 0). Let o(h) = -h**2 - h**2 - t + 3*h**2. Is o(6) a prime number?
False
Is 2/(-2)*(-730 + -7 + 4) prime?
True
Let r be (-474)/8*(1 + 3). Let y = -135 - r. Let l = y - 55. Is l prime?
True
Suppose -10*q = -29370 + 10060. Is q composite?
False
Let w be (-15)/(-10) - (-2)/4. Suppose w*o = 5*o. Suppose o = -5*c + 22 + 613. Is c prime?
True
Let x(l) = 70*l**2 - l + 1. Let g be x(2). Suppose 2*k = -k + g. Is k a prime number?
False
Let h be 4 - (2 + 2 + -329). Let n = h - 146. Is n a composite number?
True
Let q be 1*(3 - (-3)/3). Suppose -m = 2*p - q*m - 53, 0 = p - 4*m - 19. Is p a composite number?
False
Let g(w) = -2*w - 6. Let i be g(-4). Let c(j) = 13*j - 2. Let t be c(i). Suppose -5*d - t = -319. Is d a prime number?
True
Suppose -3*s = 2*t - 1847 - 5387, -2*t = -3*s - 7210. Is t a prime number?
False
Let m(k) = 420*k**2 + k. Is m(-1) composite?
False
Suppose 12 = -3*b + 9*b. Is 219 - 16/(b - 6) a prime number?
True
Is (-10728)/(-32) - 1/4 a composite number?
True
Suppose -3*f - 8 = -20. Suppose 2*y + 2*o = 94 + 178, -3*o = f*y - 540. Suppose u - y = -3*u. Is u a composite number?
True
Suppose -2*p + 2*v = -366, 5*p - 5*v = -3*v + 930. Let b be p/(-10) - 1/5. Let a = -10 - b. Is a prime?
False
Let i(c) = -2*c + 5 + 6*c - 2 + 0 - 9*c**3. Is i(-2) prime?
True
Suppose 6*b + 21 = 3*b + 3*t, -3*t + 15 = 0. Is 0 + 5 + b - -208 composite?
False
Let d(x) = -3*x**2 + 2*x**2 + x + x - 4 + 4*x**2. Let w be d(3). Suppose -w + 121 = 4*f. Is f a prime number?
True
Let s = 187 + -299. Let r = s - -390. Suppose 3*b + 3*o = 411, 4*o = 3*b - 105 - r. Is b composite?
True
Suppose 3*g - 616 = -4*h, 3*g = 2*h - 279 - 47. Is h a prime number?
True
Let m(u) be the third derivative of u**5/30 + 5*u**4/24 + u**3 - 4*u**2. Is m(-8) a prime number?
False
Let t(h) = h**2 - 5. Let n be t(-4). Let a = n + 46. Suppose -2*r + 19 = -a. Is r composite?
True
Let y(a) = -a**3 - 3*a**2 - 2*a + 2. Let h be y(-2). Let o(x) be the second derivative of 2*x**5/5 - x**4/12 - x**2/2 + x. Is o(h) a composite number?
False
Suppose 0 = 4*j - 12, -3*d - 2*d = 3*j - 49. Suppose -k + d = -5*k. Is k/12 - 1022/(-12) prime?
False
Let j(f) = 70*f - 37. Is j(14) composite?
True
Let v(a) = 2*a - 10. Let j be v(7). Let y(k) = 6*k - 1. Is y(j) a prime number?
True
Let f(w) = w**2 + 4*w - 2. Let b be (4 + -1)*4/(-6). Let y = -8 - b. Is f(y) composite?
True
Let v(d) = d + 5. Let s be v(-5). Suppose s = 7*c - 2*c - 1185. Is c a prime number?
False
Let n be 123 + -4*(-4)/16. Suppose 4*o + 0*o = n. Is o composite?
False
Suppose 0 = -4*g - 4*d - d + 35, 5*g - 16 = 3*d. Suppose g*z + 0*z = m + 594, 2*z + 2*m = 240. Is z a prime number?
False
Let j be 4/((2/(-11))/1). Let f be (0 + 75/(-6))*j. Suppose -20 = -4*r, -6*k - 2*r = -k - f. Is k a composite number?
False
Let p be (-2)/2 + (-3 - 481). Let h be p/25 - (-2)/5. Let i = 0 - h. Is i prime?
True
Let d = -394 - -915. Is d a composite number?
False
Let j(s) = s**3 - 12*s**2 - 12*s - 13. Let o be j(13). Suppose o = 3*t - 2*t - 263. Is t prime?
True
Let o = 34 + -20. Let a = -14 + 7. Let w = o + a. Is w a composite number?
False
Let r = 406 - 283. Is r a composite number?
True
Let z(s) = -226*s**2 + 5*s + 2. Let c be z(4). Let j be 2/(-6)*c/2. Suppose -2*x - 743 = -5*q, -2*x = 4*q + x - j. Is q a prime number?
True
Let d be 2/(-3) + 7/(-21). Is -502*-1*d/(-2) a composite number?
False
Let g be 40/3 - (-2)/(-6). Let u(l) = -l**3 - 6*l**2 + 8*l - 6. Let m be u(-7). Let c = g - m. Is c a composite number?
True
Let i(s) = 